git of 14083?
0
What is the hundreds digit of 12107480?
4
What is the thousands digit of 276364?
6
What is the millions digit of 14879681?
4
What is the units digit of 29990642?
2
What is the ten thousands digit of 515508?
1
What is the tens digit of 75292?
9
What is the ten thousands digit of 191041?
9
What is the units digit of 2266261?
1
What is the ten thousands digit of 2179298?
7
What is the units digit of 4941214?
4
What is the ten thousands digit of 1270190?
7
What is the units digit of 450564?
4
What is the ten thousands digit of 124192?
2
What is the ten thousands digit of 2464910?
6
What is the hundreds digit of 22083721?
7
What is the thousands digit of 8406854?
6
What is the tens digit of 546393?
9
What is the thousands digit of 556576?
6
What is the hundreds digit of 20261821?
8
What is the millions digit of 2053107?
2
What is the ten thousands digit of 652422?
5
What is the hundreds digit of 72693?
6
What is the ten thousands digit of 786195?
8
What is the thousands digit of 2868776?
8
What is the tens digit of 21462548?
4
What is the hundred thousands digit of 361638?
3
What is the units digit of 10376536?
6
What is the units digit of 339029?
9
What is the ten thousands digit of 2510474?
1
What is the thousands digit of 14318?
4
What is the hundreds digit of 469255?
2
What is the hundreds digit of 505945?
9
What is the thousands digit of 929009?
9
What is the hundreds digit of 2006915?
9
What is the ten thousands digit of 26372?
2
What is the thousands digit of 212845?
2
What is the tens digit of 131674?
7
What is the ten thousands digit of 2986875?
8
What is the units digit of 571921?
1
What is the units digit of 5842391?
1
What is the tens digit of 486656?
5
What is the ten thousands digit of 14162475?
6
What is the thousands digit of 652648?
2
What is the tens digit of 272218?
1
What is the ten thousands digit of 2719199?
1
What is the hundred thousands digit of 6664621?
6
What is the tens digit of 4368450?
5
What is the hundred thousands digit of 6656968?
6
What is the tens digit of 2698702?
0
What is the hundred thousands digit of 1809699?
8
What is the millions digit of 17853220?
7
What is the tens digit of 404014?
1
What is the ten thousands digit of 2456365?
5
What is the hundred thousands digit of 185446?
1
What is the units digit of 360133?
3
What is the units digit of 1302345?
5
What is the thousands digit of 1094331?
4
What is the units digit of 326974?
4
What is the hundreds digit of 797549?
5
What is the units digit of 129856?
6
What is the tens digit of 84887?
8
What is the thousands digit of 37969509?
9
What is the units digit of 8191155?
5
What is the tens digit of 288477?
7
What is the thousands digit of 269807?
9
What is the hundreds digit of 7790982?
9
What is the hundreds digit of 4957?
9
What is the thousands digit of 152677?
2
What is the ten thousands digit of 96558?
9
What is the tens digit of 1770839?
3
What is the ten thousands digit of 8404940?
0
What is the millions digit of 4607986?
4
What is the hundreds digit of 679530?
5
What is the tens digit of 87350?
5
What is the tens digit of 519380?
8
What is the millions digit of 4430961?
4
What is the units digit of 3564728?
8
What is the thousands digit of 4552101?
2
What is the hundred thousands digit of 3786287?
7
What is the millions digit of 22965785?
2
What is the hundreds digit of 1248087?
0
What is the thousands digit of 6770977?
0
What is the hundred thousands digit of 8434292?
4
What is the hundred thousands digit of 259984?
2
What is the hundreds digit of 187527?
5
What is the ten thousands digit of 307573?
0
What is the ten thousands digit of 24179?
2
What is the tens digit of 332141?
4
What is the thousands digit of 389527?
9
What is the hundreds digit of 235380?
3
What is the hundreds digit of 85192?
1
What is the thousands digit of 1518210?
8
What is the tens digit of 7785?
8
What is the tens digit of 290875?
7
What is the hundreds digit of 257465?
4
What is the hundreds digit of 1328486?
4
What is the hundred thousands digit of 8072081?
0
What is the thousands digit of 4796339?
6
What is the tens digit of 159778?
7
What is the ten thousands digit of 253642?
5
What is the millions digit of 1429538?
1
What is the hundred thousands digit of 103578?
1
What is the tens digit of 1814139?
3
What is the units digit of 633591?
1
What is the ten thousands digit of 883232?
8
What is the hundreds digit of 3867971?
9
What is the units digit of 11173932?
2
What is the tens digit of 2608501?
0
What is the hundreds digit of 277207?
2
What is the thousands digit of 229190?
9
What is the hundreds digit of 2200590?
5
What is the ten millions digit of 24261691?
2
What is the thousands digit of 14315263?
5
What is the ten millions digit of 11896552?
1
What is the hundreds digit of 547476?
4
What is the hundred thousands digit of 655965?
6
What is the thousands digit of 33849?
3
What is the tens digit of 6808980?
8
What is the hundred thousands digit of 438836?
4
What is the hundred thousands digit of 290844?
2
What is the tens digit of 141741?
4
What is the hundreds digit of 1886291?
2
What is the ten thousands digit of 578720?
7
What is the thousands digit of 85986?
5
What is the ten thousands digit of 79114?
7
What is the hundreds digit of 7920969?
9
What is the tens digit of 8913627?
2
What is the thousands digit of 13898387?
8
What is the ten thousands digit of 957248?
5
What is the ten thousands digit of 58431?
5
What is the units digit of 19669839?
9
What is the hundred thousands digit of 2704687?
7
What is the thousands digit of 120734?
0
What is the hundred thousands digit of 138676?
1
What is the hundreds digit of 23326068?
0
What is the hundred thousands digit of 7208863?
2
What is the hundreds digit of 113959?
9
What is the hundreds digit of 4362?
3
What is the thousands digit of 451526?
1
What is the tens digit of 3052076?
7
What is the hundred thousands digit of 3294428?
2
What is the hundreds digit of 7303760?
7
What is the hundred thousands digit of 306556?
3
What is the tens digit of 1351192?
9
What is the ten thousands digit of 34042259?
4
What is the units digit of 13749595?
5
What is the hundreds digit of 1060309?
3
What is the ten thousands digit of 8391357?
9
What is the units digit of 451198?
8
What is the hundred thousands digit of 2012985?
0
What is the hundred thousands digit of 977210?
9
What is the thousands digit of 498988?
8
What is the tens digit of 2045525?
2
What is the hundred thousands digit of 213441?
2
What is the hundreds digit of 6214879?
8
What is the thousands digit of 22405984?
5
What is the tens digit of 1204659?
5
What is the hundred thousands digit of 21943263?
9
What is the tens digit of 573036?
3
What is the ten thousands digit of 9540833?
4
What is the hundred thousands digit of 1813523?
8
What is the tens digit of 5308323?
2
What is the units digit of 576117?
7
What is the units digit of 218031?
1
What is the thousands digit of 432682?
2
What is the ten thousands digit of 27790886?
9
What is the tens digit of 1128269?
6
What is the hundreds digit of 936587?
5
What is the thousands digit of 716485?
6
What is the thousands digit of 411399?
1
What is the tens digit of 17971?
7
What is the thousands digit of 6474569?
4
What is the ten thousands digit of 10495150?
9
What is the millions digit of 16545708?
6
What is the tens digit of 5082872?
7
What is the ten thousands digit of 16711311?
1
What is the thousands digit of 2441049?
1
What is the ten millions digit of 12937103?
1
What is the hundred thousands digit of 199359?
1
What is the hundred thousands digit of 1111780?
1
What is the tens digit of 707879?
7
What is the ten millions digit of 13778519?
1
What is the tens digit of 7475974?
7
What is the tens digit of 613574?
7
What is the tens digit of 181796?
9
What is the tens digit of 7591980?
8
What is the hundreds digit of 1116452?
4
What is the hundred thousands digit of 933012?
9
What is the ten thousands digit of 148272?
4
What is the tens digit of 1728851?
5
What is the hundred thousands digit of 2441613?
4
What is the units digit of 284367?
7
What is the units digit of 4569869?
9
What is the thousands digit of 16549279?
9
What is the millions digit of 22515015?
2
What is the units digit of 2411104?
4
Wha